rue
Is 2 a factor of 2424?
True
Is 10031 a multiple of 125?
False
Is 53 a factor of 12455?
True
Is 21776 a multiple of 121?
False
Is 13 a factor of 2496?
True
Does 25 divide 3275?
True
Is 11 a factor of 1054?
False
Does 29 divide 47096?
True
Is 14580 a multiple of 18?
True
Is 143 a factor of 17160?
True
Is 28 a factor of 90?
False
Is 19 a factor of 3895?
True
Is 15 a factor of 12057?
False
Does 26 divide 15003?
False
Is 176 a multiple of 16?
True
Is 45302 a multiple of 6?
False
Does 14 divide 3584?
True
Does 12 divide 7629?
False
Does 29 divide 53569?
False
Does 11 divide 8214?
False
Is 49481 a multiple of 6?
False
Is 21174 a multiple of 6?
True
Is 2272 a multiple of 32?
True
Is 42 a factor of 11214?
True
Does 28 divide 56?
True
Is 18 a factor of 1854?
True
Does 95 divide 2185?
True
Is 7 a factor of 475?
False
Is 4299 a multiple of 13?
False
Is 1391 a multiple of 7?
False
Does 8 divide 2216?
True
Is 294 a multiple of 14?
True
Is 95 a factor of 10322?
False
Is 7 a factor of 23844?
False
Is 110 a factor of 39430?
False
Does 37 divide 38767?
False
Is 74 a factor of 837?
False
Is 23 a factor of 1001?
False
Does 57 divide 570?
True
Does 10 divide 6293?
False
Is 14 a factor of 406?
True
Does 20 divide 1020?
True
Is 1411 a multiple of 35?
False
Is 4 a factor of 2942?
False
Is 53 a factor of 145?
False
Does 16 divide 48?
True
Does 36 divide 45733?
False
Does 70 divide 2002?
False
Does 96 divide 9888?
True
Is 148824 a multiple of 13?
True
Is 4088 a multiple of 99?
False
Is 2 a factor of 136?
True
Is 378 a multiple of 42?
True
Does 11 divide 387?
False
Is 67 a factor of 1943?
True
Does 22 divide 1536?
False
Is 21 a factor of 432?
False
Is 44 a factor of 3036?
True
Is 16 a factor of 1257?
False
Is 5450 a multiple of 5?
True
Is 1683 a multiple of 17?
True
Does 69 divide 504?
False
Is 22 a factor of 5632?
True
Is 14 a factor of 13720?
True
Does 26 divide 6136?
True
Is 38 a factor of 23142?
True
Does 110 divide 14942?
False
Does 43 divide 1419?
True
Is 13 a factor of 1599?
True
Is 17 a factor of 183?
False
Does 6 divide 2255?
False
Does 5 divide 271?
False
Is 5 a factor of 816?
False
Does 115 divide 20440?
False
Is 34859 a multiple of 31?
False
Is 26 a factor of 22720?
False
Does 65 divide 1726?
False
Is 5568 a multiple of 192?
True
Is 26 a multiple of 13?
True
Is 160 even?
True
Is 6374 a multiple of 16?
False
Does 95 divide 14618?
False
Is 6 a factor of 2982?
True
Is 15 a factor of 270?
True
Is 213 a multiple of 18?
False
Does 52 divide 5720?
True
Does 6 divide 2958?
True
Is 1272 a multiple of 24?
True
Is 24 a factor of 208?
False
Is 69 a factor of 15196?
False
Is 1193 a multiple of 119?
False
Is 65 a factor of 520?
True
Is 15 a factor of 98?
False
Is 39 a multiple of 34?
False
Does 21 divide 374?
False
Does 30 divide 98546?
False
Does 33 divide 606?
False
Is 50 a factor of 7047?
False
Is 528 a multiple of 26?
False
Is 28 a factor of 1918?
False
Is 96 a factor of 20832?
True
Does 314 divide 109272?
True
Is 9 a factor of 95895?
True
Is 7584 a multiple of 130?
False
Is 214 a factor of 17334?
True
Does 2 divide 523?
False
Does 6 divide 51610?
False
Is 16 a factor of 1099?
False
Is 2486 a multiple of 84?
False
Does 17 divide 13719?
True
Does 37 divide 17810?
False
Is 14 a factor of 1064?
True
Does 17 divide 309?
False
Is 8 a factor of 8441?
False
Is 570 a multiple of 38?
True
Is 17 a factor of 8619?
True
Does 6 divide 1716?
True
Is 7 a factor of 3987?
False
Is 89 a factor of 11576?
False
Is 882 a multiple of 8?
False
Is 98 a factor of 784?
True
Does 14 divide 1394?
False
Is 11782 a multiple of 56?
False
Does 24 divide 6552?
True
Is 434 a multiple of 11?
False
Does 6 divide 4230?
True
Is 41 a factor of 40952?
False
Is 439 a multiple of 27?
False
Does 6 divide 774?
True
Does 13 divide 3555?
False
Does 134 divide 2680?
True
Is 592 a multiple of 4?
True
Is 29 a factor of 609?
True
Is 78 a factor of 624?
True
Is 686 a multiple of 14?
True
Is 200 a multiple of 5?
True
Does 35 divide 3535?
True
Is 38 a factor of 3604?
False
Is 1195 a multiple of 16?
False
Does 139 divide 6672?
True
Is 5 a factor of 1165?
True
Is 6223 a multiple of 109?
False
Does 7 divide 1866?
False
Is 62 a multiple of 6?
False
Is 13 a factor of 667?
False
Is 896 a multiple of 56?
True
Does 7 divide 566?
False
Is 110 a factor of 7260?
True
Is 3 a factor of 1246?
False
Is 22 a factor of 638?
True
Is 124 a factor of 181288?
True
Does 45 divide 15289?
False
Is 2 a factor of 2013?
False
Is 20206 a multiple of 12?
False
Does 185 divide 1738?
False
Is 3413 a multiple of 11?
False
Is 200 a factor of 12392?
False
Is 31 a factor of 10602?
True
Does 173 divide 23701?
True
Is 164 a multiple of 41?
True
Is 24084 a multiple of 58?
False
Is 3850 a multiple of 4?
False
Is 38 a factor of 16986?
True
Is 2 a factor of 2135?
False
Does 14 divide 526?
False
Is 51 a factor of 153?
True
Does 26 divide 3900?
True
Is 628 a multiple of 54?
False
Is 2123 a multiple of 243?
False
Does 11 divide 41096?
True
Does 7 divide 581?
True
Is 1095 a multiple of 22?
False
Is 90 a multiple of 30?
True
Is 702 a multiple of 54?
True
Is 109 a factor of 66979?
False
Is 171 a multiple of 3?
True
Does 17 divide 702?
False
Does 39 divide 297?
False
Is 13 a factor of 16900?
True
Is 31 a multiple of 31?
True
Does 4 divide 1624?
True
Does 37 divide 703?
True
Is 66 a factor of 8947?
False
Is 16 a factor of 9730?
False
Is 16 a factor of 2048?
True
Is 378 a multiple of 10?
False
Is 112 a multiple of 14?
True
Does 47 divide 2585?
True
Is 153 a factor of 6273?
True
Is 5199 a multiple of 61?
False
Does 14 divide 958?
False
Is 242 a multiple of 19?
False
Does 288 divide 43208?
False
Does 11 divide 939?
False
Does 71 divide 9514?
True
Does 38 divide 43?
False
Is 864 a multiple of 9?
True
Is 2358 a multiple of 28?
False
Is 11 a factor of 1551?
True
Does 124 divide 2953?
False
Is 15 a factor of 525?
True
Does 7 divide 153?
False
Is 85 a factor of 2934?
False
Is 6 a factor of 222?
True
Is 6 a factor of 132?
True
Does 34 divide 748?
True
Is 6 a factor of 46?
False
Is 15 a factor of 283?
False
Does 19 divide 95?
True
Is 56121 a multiple of 79?
False
Does 20 divide 2520?
True
Is 5700 a multiple of 95?
True
Does 2 divide 10?
True
Is 4374 a multiple of 18?
True
Is 12 a factor of 361?
False
Does 188 divide 8084?
True
Does 7 divide 1489?
False
Is 4 a factor of 525?
False
Is 37668 a multiple of 123?
False
Is 1001 a multiple of 13?
True
Is 21399 a multiple of 79?
False
Does 9 divide 443?
False
Is 95 a factor of 1035?
False
Does 25 divide 3984?
False
Is 31556 a multiple of 196?
True
Does 8 divide 5200?
True
Does 13 divide 44637?
False
Does 84 divide 598?
False
Is 81 a factor of 5913?
True
Does 38 divide 1985?
False
Does 17 divide 6955?
False
Is 4732 a multiple of 26?
True
Is 273 a multiple of 91?
True
Is 29 a factor of 2465?
True
Does 9 divide 117?
True
Is 10510 a multiple of 49?
False
Is 3866 a multiple of 53?
False
Is 214 a multiple of 23?
False
Is 27993 a multiple of 176?
False
Does 140 divide 29213?
False
Is 7826 a multiple of 76?
False
Is 37 a factor of 89177?
False
Is 31 a factor of 1252?
False
Is 248 a factor of 59150?
False
Is 58 a factor of 18908?
True
Is 4290 a multiple of 3?
True
Is 74 a factor of 637?
False
Is 1020 a multiple of 34?
True
Is 20256 a multiple of 24?
True
Is 82 a factor of 136038?
True
Is 2552 a multiple of 10?
False
Is 696 a multiple of 5?
False
Is 99 a factor of 3738?
False
Is 19423 a multiple of 31?
False
Is 12997 a multiple of 22?
False
Is 328 a multiple of 41?
True
Is 2059 a multiple of 16?
False
Does 20 divide 5760?
True
Does 54 divide 1937?
False
Is 1245 a multiple of 15?
True
Is 65611 a multiple of 7?
True
Does 15 divide 2236?
False
Is 21 a factor of 266?
False
Is 59025 a multiple of 25?
True
Is 36 a factor of 1620?
True
Does 28 divide 6613?
False
Is 123 a factor of 4182?
True
Does 19 divide 35421?
False
Is 120 a multiple of 15?
True
Does 38 divide 4294?
True
Does 10 divide 10235?
False
Is 114 a factor of 7011?
False
Is 39 a factor of 819?
True
Is 12051 a multiple of 13?
True
Is 31 a factor of 465?
True
Is 11 a factor of 1353?
True
Is 971 a multiple of 24?
False
Is 82 a factor of 3059?
False
Does 21 divide 56419?
False
Is 18 a factor of 11414?
False
Is 6618 a multiple of 3?
True
Is 51 a factor of 5304?
True
Does 11 divide 1243?
T